{"id":7730,"date":"2022-10-04T18:11:56","date_gmt":"2022-10-04T23:11:56","guid":{"rendered":"https:\/\/camlibro.com.co\/reading_colombia\/?page_id=7730"},"modified":"2022-12-05T21:36:59","modified_gmt":"2022-12-06T02:36:59","slug":"muysca-2022","status":"publish","type":"page","link":"https:\/\/camlibro.com.co\/reading_colombia\/en\/editoriales-2022\/viento-ediciones-2022\/muysca-2022\/","title":{"rendered":"Muysca: Numbers, myths and rock art"},"content":{"rendered":"<p>[vc_row full_width=&#8221;stretch_row&#8221; css=&#8221;.vc_custom_1568944382506{background-color: #ffffff !important;}&#8221;][vc_column]<div class=\"tlg-spacer \" data-height=\"80\" data-height-tablet=\"40\" data-height-mobile=\"40\" style=\"clear:both;display:block;height:80px;\"><\/div>[vc_row_inner][vc_column_inner width=&#8221;1\/5&#8243;][\/vc_column_inner][vc_column_inner width=&#8221;1\/5&#8243;][\/vc_column_inner][vc_column_inner width=&#8221;1\/5&#8243;][vc_single_image image=&#8221;7473&#8243; img_size=&#8221;full&#8221; alignment=&#8221;center&#8221; onclick=&#8221;custom_link&#8221; link=&#8221;https:\/\/camlibro.com.co\/reading_colombia\/en\/editoriales-2022\/viento-ediciones-2022\/&#8221;][\/vc_column_inner][vc_column_inner width=&#8221;1\/5&#8243;][\/vc_column_inner][vc_column_inner width=&#8221;1\/5&#8243;][\/vc_column_inner][\/vc_row_inner][\/vc_column][\/vc_row][vc_row tlg_background_style=&#8221;bg-secondary&#8221; tlg_padding=&#8221;pb0&#8243; css=&#8221;.vc_custom_1568948194274{background-color: #edeaed !important;}&#8221;][vc_column css_animation=&#8221;slideInUp&#8221;][vc_row_inner el_class=&#8221;fila_titulo02&#8243;][vc_column_inner width=&#8221;1\/3&#8243;][vc_single_image image=&#8221;7510&#8243; img_size=&#8221;full&#8221; alignment=&#8221;center&#8221;][\/vc_column_inner][vc_column_inner width=&#8221;2\/3&#8243;]<div class=\"headings-title \"><div class=\"mb0 mb16 mb-xs-40 text-left\"><h5 style=\"color:#00405a!important;font-size:32px;line-height:42px;text-transform: none!important;\" class=\"widgettitle mb10\">Muysca: Numbers, myths and rock art<\/h5><div style=\"color:#ba1039!important;font-size:20px;line-height:25px;text-transform: none!important;\" class=\"widgetsubtitle\">LUZ MYRIAM GUTI\u00c9RREZ GRACIA<\/div><\/div><\/div><div class=\"tlg-spacer \" data-height=\"20\" data-height-tablet=\"20\" data-height-mobile=\"20\" style=\"clear:both;display:block;height:20px;\"><\/div>[vc_column_text]<strong class=\"rojo\">Summary<\/strong><br \/>\nThe book is a way to get to know the numbers of the Muysca Lunar Calendar that friar Jos\u00e9 Domingo Duquesne recovered in 1790. It explains that the first five numbers indicate the mythical time of Creation and the five cardinal points. It also exposes the function and the value of numerical symbols, proposing a correspondence with the demonstration order of the gods and of the myths, the Muysca design and the rock art of the cundiboyacense territory, in Colombia. While preparing for this book, I discover that the cosmogonic numbers are born from the facial organs of the Moon-goddess, of the moon-house, Owner of Time. I indicate the epiphany of the Frog goddess, emblem of the Calendar, proposing that this cosmogony is aquatic and lunar.<\/p>\n<p><strong class=\"rojo\">Data sheet<\/strong><br \/>\nCategory: Iconology of numerical symbols essay<br \/>\nISBN: 978-958-52277-0-5<br \/>\nPublication date: 19\/7\/2019<br \/>\nExtent: 495<br \/>\nFormat: 21,5 x 25,5 cm[\/vc_column_text][\/vc_column_inner][\/vc_row_inner][\/vc_column][\/vc_row][vc_row full_width=&#8221;stretch_row_content_no_spaces&#8221; tlg_large_container=&#8221;wide-container&#8221; tlg_background_style=&#8221;bg-secondary&#8221; tlg_padding=&#8221;pt64 pb64&#8243; css=&#8221;.vc_custom_1568948249704{background-color: #edeaed !important;}&#8221;][vc_column css_animation=&#8221;slideInUp&#8221; width=&#8221;1\/6&#8243;][vc_column_text]<a href=\"https:\/\/camlibro.com.co\/reading_colombia\/en\/editoriales-2022\/sic-semper-ediciones-2022\/espacios-habitables-2022\/\">|\u00ab Previous book<\/a><em><br \/>\n<\/em>[\/vc_column_text][\/vc_column][vc_column width=&#8221;1\/6&#8243;][\/vc_column][vc_column width=&#8221;1\/6&#8243;][\/vc_column][vc_column width=&#8221;1\/6&#8243;][\/vc_column][vc_column width=&#8221;1\/6&#8243;][\/vc_column][vc_column width=&#8221;1\/6&#8243;][vc_column_text]<a href=\"https:\/\/camlibro.com.co\/reading_colombia\/en\/editoriales-2022\/angosta-editores-2022\/cartago-2022\/\">Next book \u00bb|<\/a><em><br \/>\n<\/em>[\/vc_column_text][\/vc_column][\/vc_row][vc_row el_class=&#8221;fila_autor&#8221;][vc_column css_animation=&#8221;slideInUp&#8221;][vc_row_inner el_class=&#8221;fila_titulo02&#8243;][vc_column_inner width=&#8221;1\/4&#8243;][vc_single_image image=&#8221;7707&#8243; img_size=&#8221;full&#8221; alignment=&#8221;center&#8221;][\/vc_column_inner][vc_column_inner width=&#8221;3\/4&#8243;]<div class=\"headings-title \"><div class=\"mb0 mb16 mb-xs-40 text-left\"><h5 style=\"color:#00405a!important;font-size:25px;line-height:35px;text-transform: none!important;\" class=\"widgettitle mb10\">Author\u00b4s biography<\/h5><\/div><\/div>[vc_column_text]<strong class=\"rojo2\">Luz Myriam Guti\u00e9rrez Gracia.<\/strong> &#8220;Primary and secondary at the San Jorge school in Bogot\u00e1, with university studies in Social Work until the third semester. Since 1990, I adopted an autonomous education with the Group Viento Teatro, around the ancient amerindian heritage: the myth, the rite, the shamanism, the ritual mask, the dance and the gestures, creating a plastic and scenic language based on mythical sources. Since 2001, I research pre-Columbian art from symbology, anthropology, ethnoastronomy, philosophy and the history of religions, writing about art, theater, playwright, essays, myths and stories. I am an illustrator and an author of essays and literature books published with Viento Ediciones: Muysca: N\u00fameros, mitos y arte rupestre (2019) (Muysca: Numbers, Myths and Rock Art), Tras las huellas del Jaguar Azul (2016) and Vuelo M\u00e1gico de Ori\u00f3n y los animales mitol\u00f3gicos (2009) with illustrations of my daughter Viviana Guti\u00e9rrez Gracia.<\/p>\n<p>Also, I am principal co-author of the books: De lo sagrado en el arte y el pensamiento m\u00edtico (2007), Wir\u00e1, Hijos del Colibr\u00ed (2010), As\u00ed so\u00f1aron los antiguos (2011), Arte en la piel (2012), Dise\u00f1o Iconogr\u00e1fico (2013), Dragones, jaguares, diosecillos y otros fantasmas (2014) y Sinfon\u00eda de colores (2017), Muyscubin, El relato de los n\u00fameros muyscas (2020). In 2018 and 2020, I produce and direct the animated short films: Sinfon\u00eda de colores and Muyscubin, El relato de los n\u00fameros muyscas.&#8221;[\/vc_column_text][\/vc_column_inner][\/vc_row_inner]<div class=\" vc_custom_1664908995684 ubtn-ctn-center \"><a class=\"ubtn-link ult-adjust-bottom-margin ubtn-center ubtn-normal \" href=\"https:\/\/camlibro.com.co\/reading_colombia\/en\/editoriales-2022\/\" title=\"Publishers 2022\" ><button type=\"button\" id=\"ubtn-9808\"  class=\"ubtn ult-adjust-bottom-margin ult-responsive ubtn-normal ubtn-no-hover-bg  none  ubtn-center   tooltip-69f5d7525b3cc\"  data-hover=\"#00455a\" data-border-color=\"\" data-bg=\"#00455a\" data-hover-bg=\"#ffffff\" data-border-hover=\"\" data-shadow-hover=\"\" data-shadow-click=\"none\" data-shadow=\"\" data-shd-shadow=\"\"  data-ultimate-target='#ubtn-9808'  data-responsive-json-new='{\"font-size\":\"desktop:15px;\",\"line-height\":\"desktop:20px;\"}'  style=\"font-weight:normal;border:none;background: #00455a;color: #e0e0e0;\"><span class=\"ubtn-hover\" style=\"background-color:#ffffff\"><\/span><span class=\"ubtn-data ubtn-text \" >Go to the list of publishers<\/span><\/button><\/a><\/div>[\/vc_column][\/vc_row]<\/p>\n","protected":false},"excerpt":{"rendered":"<p>[vc_row full_width=&#8221;stretch_row&#8221; css=&#8221;.vc_custom_1568944382506{background-color: #ffffff !important;}&#8221;][vc_column][vc_row_inner][vc_column_inner width=&#8221;1\/5&#8243;][\/vc_column_inner][vc_column_inner width=&#8221;1\/5&#8243;][\/vc_column_inner][vc_column_inner width=&#8221;1\/5&#8243;][vc_single_image image=&#8221;7473&#8243; img_size=&#8221;full&#8221; alignment=&#8221;center&#8221; onclick=&#8221;custom_link&#8221; link=&#8221;https:\/\/camlibro.com.co\/reading_colombia\/en\/editoriales-2022\/viento-ediciones-2022\/&#8221;][\/vc_column_inner][vc_column_inner width=&#8221;1\/5&#8243;][\/vc_column_inner][vc_column_inner width=&#8221;1\/5&#8243;][\/vc_column_inner][\/vc_row_inner][\/vc_column][\/vc_row][vc_row tlg_background_style=&#8221;bg-secondary&#8221;&#8230;<\/p>\n","protected":false},"author":1,"featured_media":0,"parent":7655,"menu_order":0,"comment_status":"closed","ping_status":"closed","template":"","meta":[],"translation":{"provider":"WPGlobus","version":"2.12.2","language":"en","enabled_languages":["es","en"],"languages":{"es":{"title":true,"content":true,"excerpt":false},"en":{"title":true,"content":true,"excerpt":false}}},"_links":{"self":[{"href":"https:\/\/camlibro.com.co\/reading_colombia\/en\/wp-json\/wp\/v2\/pages\/7730"}],"collection":[{"href":"https:\/\/camlibro.com.co\/reading_colombia\/en\/wp-json\/wp\/v2\/pages"}],"about":[{"href":"https:\/\/camlibro.com.co\/reading_colombia\/en\/wp-json\/wp\/v2\/types\/page"}],"author":[{"embeddable":true,"href":"https:\/\/camlibro.com.co\/reading_colombia\/en\/wp-json\/wp\/v2\/users\/1"}],"replies":[{"embeddable":true,"href":"https:\/\/camlibro.com.co\/reading_colombia\/en\/wp-json\/wp\/v2\/comments?post=7730"}],"version-history":[{"count":6,"href":"https:\/\/camlibro.com.co\/reading_colombia\/en\/wp-json\/wp\/v2\/pages\/7730\/revisions"}],"predecessor-version":[{"id":8295,"href":"https:\/\/camlibro.com.co\/reading_colombia\/en\/wp-json\/wp\/v2\/pages\/7730\/revisions\/8295"}],"up":[{"embeddable":true,"href":"https:\/\/camlibro.com.co\/reading_colombia\/en\/wp-json\/wp\/v2\/pages\/7655"}],"wp:attachment":[{"href":"https:\/\/camlibro.com.co\/reading_colombia\/en\/wp-json\/wp\/v2\/media?parent=7730"}],"curies":[{"name":"wp","href":"https:\/\/api.w.org\/{rel}","templated":true}]}}

<p>[vc_row full_width=&#8221;stretch_row&#8221; css=&#8221;.vc_custom_1568944382506{background-color: #ffffff !important;}&#8221;][vc_column]<div class="tlg-spacer " data-height="80" data-height-tablet="40" data-height-mobile="40" style="clear:both;display:block;height:80px;"></div>[vc_row_inner][vc_column_inner width=&#8221;1/5&#8243;][/vc_column_inner][vc_column_inner width=&#8221;1/5&#8243;][/vc_column_inner][vc_column_inner width=&#8221;1/5&#8243;][vc_single_image image=&#8221;7473&#8243; img_size=&#8221;full&#8221; alignment=&#8221;center&#8221; onclick=&#8221;custom_link&#8221; link=&#8221;https://camlibro.com.co/reading_colombia/en/editoriales-2022/viento-ediciones-2022/&#8221;][/vc_column_inner][vc_column_inner width=&#8221;1/5&#8243;][/vc_column_inner][vc_column_inner width=&#8221;1/5&#8243;][/vc_column_inner][/vc_row_inner][/vc_column][/vc_row][vc_row tlg_background_style=&#8221;bg-secondary&#8221; tlg_padding=&#8221;pb0&#8243; css=&#8221;.vc_custom_1568948194274{background-color: #edeaed !important;}&#8221;][vc_column css_animation=&#8221;slideInUp&#8221;][vc_row_inner el_class=&#8221;fila_titulo02&#8243;][vc_column_inner width=&#8221;1/3&#8243;][vc_single_image image=&#8221;7510&#8243; img_size=&#8221;full&#8221; alignment=&#8221;center&#8221;][/vc_column_inner][vc_column_inner width=&#8221;2/3&#8243;]<div class="headings-title "><div class="mb0 mb16 mb-xs-40 text-left"><h5 style="color:#00405a!important;font-size:32px;line-height:42px;text-transform: none!important;" class="widgettitle mb10">Muysca: Numbers, myths and rock art</h5><div style="color:#ba1039!important;font-size:20px;line-height:25px;text-transform: none!important;" class="widgetsubtitle">LUZ MYRIAM GUTIÉRREZ GRACIA</div></div></div><div class="tlg-spacer " data-height="20" data-height-tablet="20" data-height-mobile="20" style="clear:both;display:block;height:20px;"></div>[vc_column_text]<strong class="rojo">Summary</strong><br />
The book is a way to get to know the numbers of the Muysca Lunar Calendar that friar José Domingo Duquesne recovered in 1790. It explains that the first five numbers indicate the mythical time of Creation and the five cardinal points. It also exposes the function and the value of numerical symbols, proposing a correspondence with the demonstration order of the gods and of the myths, the Muysca design and the rock art of the cundiboyacense territory, in Colombia. While preparing for this book, I discover that the cosmogonic numbers are born from the facial organs of the Moon-goddess, of the moon-house, Owner of Time. I indicate the epiphany of the Frog goddess, emblem of the Calendar, proposing that this cosmogony is aquatic and lunar.</p>
<p><strong class="rojo">Data sheet</strong><br />
Category: Iconology of numerical symbols essay<br />
ISBN: 978-958-52277-0-5<br />
Publication date: 19/7/2019<br />
Extent: 495<br />
Format: 21,5 x 25,5 cm[/vc_column_text][/vc_column_inner][/vc_row_inner][/vc_column][/vc_row][vc_row full_width=&#8221;stretch_row_content_no_spaces&#8221; tlg_large_container=&#8221;wide-container&#8221; tlg_background_style=&#8221;bg-secondary&#8221; tlg_padding=&#8221;pt64 pb64&#8243; css=&#8221;.vc_custom_1568948249704{background-color: #edeaed !important;}&#8221;][vc_column css_animation=&#8221;slideInUp&#8221; width=&#8221;1/6&#8243;][vc_column_text]<a href="https://camlibro.com.co/reading_colombia/en/editoriales-2022/sic-semper-ediciones-2022/espacios-habitables-2022/">|« Previous book</a><em><br />
</em>[/vc_column_text][/vc_column][vc_column width=&#8221;1/6&#8243;][/vc_column][vc_column width=&#8221;1/6&#8243;][/vc_column][vc_column width=&#8221;1/6&#8243;][/vc_column][vc_column width=&#8221;1/6&#8243;][/vc_column][vc_column width=&#8221;1/6&#8243;][vc_column_text]<a href="https://camlibro.com.co/reading_colombia/en/editoriales-2022/angosta-editores-2022/cartago-2022/">Next book »|</a><em><br />
</em>[/vc_column_text][/vc_column][/vc_row][vc_row el_class=&#8221;fila_autor&#8221;][vc_column css_animation=&#8221;slideInUp&#8221;][vc_row_inner el_class=&#8221;fila_titulo02&#8243;][vc_column_inner width=&#8221;1/4&#8243;][vc_single_image image=&#8221;7707&#8243; img_size=&#8221;full&#8221; alignment=&#8221;center&#8221;][/vc_column_inner][vc_column_inner width=&#8221;3/4&#8243;]<div class="headings-title "><div class="mb0 mb16 mb-xs-40 text-left"><h5 style="color:#00405a!important;font-size:25px;line-height:35px;text-transform: none!important;" class="widgettitle mb10">Author´s biography</h5></div></div>[vc_column_text]<strong class="rojo2">Luz Myriam Gutiérrez Gracia.</strong> &#8220;Primary and secondary at the San Jorge school in Bogotá, with university studies in Social Work until the third semester. Since 1990, I adopted an autonomous education with the Group Viento Teatro, around the ancient amerindian heritage: the myth, the rite, the shamanism, the ritual mask, the dance and the gestures, creating a plastic and scenic language based on mythical sources. Since 2001, I research pre-Columbian art from symbology, anthropology, ethnoastronomy, philosophy and the history of religions, writing about art, theater, playwright, essays, myths and stories. I am an illustrator and an author of essays and literature books published with Viento Ediciones: Muysca: Números, mitos y arte rupestre (2019) (Muysca: Numbers, Myths and Rock Art), Tras las huellas del Jaguar Azul (2016) and Vuelo Mágico de Orión y los animales mitológicos (2009) with illustrations of my daughter Viviana Gutiérrez Gracia.</p>
<p>Also, I am principal co-author of the books: De lo sagrado en el arte y el pensamiento mítico (2007), Wirá, Hijos del Colibrí (2010), Así soñaron los antiguos (2011), Arte en la piel (2012), Diseño Iconográfico (2013), Dragones, jaguares, diosecillos y otros fantasmas (2014) y Sinfonía de colores (2017), Muyscubin, El relato de los números muyscas (2020). In 2018 and 2020, I produce and direct the animated short films: Sinfonía de colores and Muyscubin, El relato de los números muyscas.&#8221;[/vc_column_text][/vc_column_inner][/vc_row_inner]<div class=" vc_custom_1664908995684 ubtn-ctn-center "><a class="ubtn-link ult-adjust-bottom-margin ubtn-center ubtn-normal " href="https://camlibro.com.co/reading_colombia/en/editoriales-2022/" title="Publishers 2022" ><button type="button" id="ubtn-9808"  class="ubtn ult-adjust-bottom-margin ult-responsive ubtn-normal ubtn-no-hover-bg  none  ubtn-center   tooltip-69f5d7525b3cc"  data-hover="#00455a" data-border-color="" data-bg="#00455a" data-hover-bg="#ffffff" data-border-hover="" data-shadow-hover="" data-shadow-click="none" data-shadow="" data-shd-shadow=""  data-ultimate-target='#ubtn-9808'  data-responsive-json-new='{"font-size":"desktop:15px;","line-height":"desktop:20px;"}'  style="font-weight:normal;border:none;background: #00455a;color: #e0e0e0;"><span class="ubtn-hover" style="background-color:#ffffff"></span><span class="ubtn-data ubtn-text " >Go to the list of publishers</span></button></a></div>[/vc_column][/vc_row]</p>
