{"id":7528,"date":"2022-09-30T18:22:15","date_gmt":"2022-09-30T23:22:15","guid":{"rendered":"https:\/\/camlibro.com.co\/reading_colombia\/?page_id=7528"},"modified":"2022-12-14T13:02:05","modified_gmt":"2022-12-14T18:02:05","slug":"tengo-los-pies-en-la-cabeza-2022","status":"publish","type":"page","link":"https:\/\/camlibro.com.co\/reading_colombia\/editoriales-2022\/editorial-monigote-2022\/tengo-los-pies-en-la-cabeza-2022\/","title":{"rendered":"Tengo los pies en la cabeza 2022"},"content":{"rendered":"<p>[vc_row full_width=\u00bbstretch_row\u00bb css=\u00bb.vc_custom_1568944382506{background-color: #ffffff !important;}\u00bb][vc_column]<div class=\"tlg-spacer \" data-height=\"80\" data-height-tablet=\"40\" data-height-mobile=\"40\" style=\"clear:both;display:block;height:80px;\"><\/div>[vc_row_inner][vc_column_inner width=\u00bb1\/5&#8243;][\/vc_column_inner][vc_column_inner width=\u00bb1\/5&#8243;][\/vc_column_inner][vc_column_inner width=\u00bb1\/5&#8243;][vc_single_image image=\u00bb7470&#8243; img_size=\u00bbfull\u00bb alignment=\u00bbcenter\u00bb onclick=\u00bbcustom_link\u00bb link=\u00bbhttps:\/\/camlibro.com.co\/reading_colombia\/editoriales-2022\/editorial-monigote-2022\/\u00bb][\/vc_column_inner][vc_column_inner width=\u00bb1\/5&#8243;][\/vc_column_inner][vc_column_inner width=\u00bb1\/5&#8243;][\/vc_column_inner][\/vc_row_inner][\/vc_column][\/vc_row][vc_row tlg_background_style=\u00bbbg-secondary\u00bb tlg_padding=\u00bbpb0&#8243; css=\u00bb.vc_custom_1568948194274{background-color: #edeaed !important;}\u00bb][vc_column css_animation=\u00bbslideInUp\u00bb][vc_row_inner el_class=\u00bbfila_titulo02&#8243;][vc_column_inner width=\u00bb1\/3&#8243;][vc_single_image image=\u00bb7514&#8243; img_size=\u00bbfull\u00bb alignment=\u00bbcenter\u00bb][\/vc_column_inner][vc_column_inner width=\u00bb2\/3&#8243;]<div class=\"headings-title \"><div class=\"mb0 mb16 mb-xs-40 text-left\"><h5 style=\"color:#00405a!important;font-size:32px;line-height:42px;text-transform: none!important;\" class=\"widgettitle mb10\">Tengo los pies en la cabeza<\/h5><div style=\"color:#ba1039!important;font-size:20px;line-height:25px;text-transform: none!important;\" class=\"widgetsubtitle\">ESPERANZA AGUABLANCA (BERICH\u00c1)<\/div><\/div><\/div><div class=\"tlg-spacer \" data-height=\"20\" data-height-tablet=\"20\" data-height-mobile=\"20\" style=\"clear:both;display:block;height:20px;\"><\/div>[vc_column_text]<strong class=\"rojo\">Rese\u00f1a<\/strong><br \/>\nSeg\u00fan la tradici\u00f3n del pueblo u\u2019wa, los ni\u00f1os que nacen con malformaciones deben morir. Berich\u00e1 naci\u00f3 sin piernas, pero sus padres, decidieron criarla. En su libro, ella nos cuenta c\u00f3mo fue su infancia entre curas y monjas y c\u00f3mo luego regres\u00f3 a la tierra de sus abuelos en la Sierra Nevada del Cocuy, donde retom\u00f3 costumbres y saberes ancestrales. As\u00ed nos lleva a descubrir el universo u\u2019wa: sus mitos; sus rituales; el papel de los \u2018uejen\u00e1\u2019 como mediadores entre las personas y los esp\u00edritus de la Tierra; y un coherente sistema de pensamiento basado en una buena relaci\u00f3n con la naturaleza.<\/p>\n<p><strong class=\"rojo\">Ficha t\u00e9cnica<\/strong><br \/>\nCategor\u00eda: biograf\u00eda y semblanza etonogr\u00e1fica del pueblo Uwa<br \/>\nISBN: 978-958-52751-7-1<br \/>\nFecha de publicaci\u00f3n: 15\/06\/2022<br \/>\nN\u00famero de p\u00e1ginas: 172<br \/>\nFormato: 14.5 x 22 cm<br \/>\nIdiomas libres de derechos: Todos[\/vc_column_text][\/vc_column_inner][\/vc_row_inner][\/vc_column][\/vc_row][vc_row full_width=\u00bbstretch_row_content_no_spaces\u00bb tlg_large_container=\u00bbwide-container\u00bb tlg_background_style=\u00bbbg-secondary\u00bb tlg_padding=\u00bbpt64 pb64&#8243; css=\u00bb.vc_custom_1568948249704{background-color: #edeaed !important;}\u00bb][vc_column css_animation=\u00bbslideInUp\u00bb width=\u00bb1\/6&#8243;][vc_column_text]<a href=\"https:\/\/camlibro.com.co\/reading_colombia\/editoriales-2022\/editorial-monigote-2022\/\">|\u00ab Volver a la editorial<\/a><em><br \/>\n<\/em>[\/vc_column_text][\/vc_column][vc_column width=\u00bb1\/6&#8243;][\/vc_column][vc_column width=\u00bb1\/6&#8243;][\/vc_column][vc_column width=\u00bb1\/6&#8243;][\/vc_column][vc_column width=\u00bb1\/6&#8243;][\/vc_column][vc_column width=\u00bb1\/6&#8243;][vc_column_text]<a href=\"https:\/\/camlibro.com.co\/reading_colombia\/editoriales-2022\/editorial-vicens-vives-sas-2022\/la-quitapenas-2022\/\">Siguiente libro \u00bb|<\/a><em><br \/>\n<\/em>[\/vc_column_text][\/vc_column][\/vc_row][vc_row el_class=\u00bbfila_autor\u00bb][vc_column css_animation=\u00bbslideInUp\u00bb][vc_row_inner el_class=\u00bbfila_titulo02&#8243;][vc_column_inner width=\u00bb1\/4&#8243;][vc_single_image image=\u00bb7529&#8243; img_size=\u00bbfull\u00bb alignment=\u00bbcenter\u00bb][\/vc_column_inner][vc_column_inner width=\u00bb3\/4&#8243;]<div class=\"headings-title \"><div class=\"mb0 mb16 mb-xs-40 text-left\"><h5 style=\"color:#00405a!important;font-size:25px;line-height:35px;text-transform: none!important;\" class=\"widgettitle mb10\">Biograf\u00eda del autor<\/h5><\/div><\/div>[vc_column_text]<strong class=\"rojo2\">Esperanza Aguablanca (Berich\u00e1).<\/strong> Los misioneros del internado cat\u00f3lico donde pas\u00f3 parte de su infancia y adolescencia le dieron el nombre Esperanza Aguablanca. A\u00f1os m\u00e1s tarde se convirti\u00f3 en maestra de escuela y, al rescatar la cultura y los territorios de los pueblos originarios, en una de las primeras lideresas ind\u00edgenas de Colombia. Fue licenciada en Filolog\u00eda e Idiomas de la Universidad Libre de C\u00facuta y mag\u00edster en Etnolingu\u0308\u00edstica de Lenguas Abor\u00edgenes de la Universidad de los Andes. Recibi\u00f3 el Premio Cafam a la Mujer en 1993, y reconocimientos por parte de la Alcald\u00eda de Bogot\u00e1 y la Gobernaci\u00f3n de Norte de Santander.[\/vc_column_text][\/vc_column_inner][\/vc_row_inner]<div class=\" vc_custom_1664834926771 ubtn-ctn-center \"><a class=\"ubtn-link ult-adjust-bottom-margin ubtn-center ubtn-normal \" href=\"https:\/\/camlibro.com.co\/reading_colombia\/editoriales-2022\/\" title=\"Editoriales 2022\" ><button type=\"button\" id=\"ubtn-5676\"  class=\"ubtn ult-adjust-bottom-margin ult-responsive ubtn-normal ubtn-no-hover-bg  none  ubtn-center   tooltip-69f4d45475db5\"  data-hover=\"#00455a\" data-border-color=\"\" data-bg=\"#00455a\" data-hover-bg=\"#ffffff\" data-border-hover=\"\" data-shadow-hover=\"\" data-shadow-click=\"none\" data-shadow=\"\" data-shd-shadow=\"\"  data-ultimate-target='#ubtn-5676'  data-responsive-json-new='{\"font-size\":\"desktop:15px;\",\"line-height\":\"desktop:20px;\"}'  style=\"font-weight:normal;border:none;background: #00455a;color: #e0e0e0;\"><span class=\"ubtn-hover\" style=\"background-color:#ffffff\"><\/span><span class=\"ubtn-data ubtn-text \" >Ir al listado de editoriales<\/span><\/button><\/a><\/div>[\/vc_column][\/vc_row][vc_row disable_element=\u00bbyes\u00bb tlg_padding=\u00bbpt0 pb0&#8243; css=\u00bb.vc_custom_1664467721384{padding-top: 20px !important;padding-bottom: 20px !important;background-color: #edeaed !important;}\u00bb][vc_column][vc_row_inner][vc_column_inner width=\u00bb1\/6&#8243;][\/vc_column_inner][vc_column_inner width=\u00bb1\/6&#8243;][vc_single_image image=\u00bb5850&#8243; img_size=\u00bbfull\u00bb alignment=\u00bbcenter\u00bb][\/vc_column_inner][vc_column_inner width=\u00bb1\/6&#8243;][vc_single_image image=\u00bb5849&#8243; img_size=\u00bbfull\u00bb alignment=\u00bbcenter\u00bb onclick=\u00bbcustom_link\u00bb img_link_target=\u00bb_blank\u00bb link=\u00bbhttp:\/\/www.mincultura.gov.co\/Paginas\/default.aspx\u00bb][\/vc_column_inner][vc_column_inner width=\u00bb1\/6&#8243;][vc_single_image image=\u00bb5848&#8243; img_size=\u00bbfull\u00bb alignment=\u00bbcenter\u00bb onclick=\u00bbcustom_link\u00bb img_link_target=\u00bb_blank\u00bb link=\u00bbhttps:\/\/bibliotecanacional.gov.co\/es-co\u00bb][\/vc_column_inner][vc_column_inner width=\u00bb1\/6&#8243;][vc_single_image image=\u00bb5847&#8243; img_size=\u00bbfull\u00bb alignment=\u00bbcenter\u00bb onclick=\u00bbcustom_link\u00bb img_link_target=\u00bb_blank\u00bb link=\u00bbhttps:\/\/camlibro.com.co\/\u00bb][\/vc_column_inner][vc_column_inner width=\u00bb1\/6&#8243;][\/vc_column_inner][\/vc_row_inner][\/vc_column][\/vc_row]<\/p>\n","protected":false},"excerpt":{"rendered":"<p>[vc_row full_width=\u00bbstretch_row\u00bb css=\u00bb.vc_custom_1568944382506{background-color: #ffffff !important;}\u00bb][vc_column][vc_row_inner][vc_column_inner width=\u00bb1\/5&#8243;][\/vc_column_inner][vc_column_inner width=\u00bb1\/5&#8243;][\/vc_column_inner][vc_column_inner width=\u00bb1\/5&#8243;][vc_single_image image=\u00bb7470&#8243; img_size=\u00bbfull\u00bb alignment=\u00bbcenter\u00bb onclick=\u00bbcustom_link\u00bb link=\u00bbhttps:\/\/camlibro.com.co\/reading_colombia\/editoriales-2022\/editorial-monigote-2022\/\u00bb][\/vc_column_inner][vc_column_inner width=\u00bb1\/5&#8243;][\/vc_column_inner][vc_column_inner width=\u00bb1\/5&#8243;][\/vc_column_inner][\/vc_row_inner][\/vc_column][\/vc_row][vc_row tlg_background_style=\u00bbbg-secondary\u00bb&#8230;<\/p>\n","protected":false},"author":2,"featured_media":0,"parent":7489,"menu_order":0,"comment_status":"closed","ping_status":"closed","template":"","meta":[],"translation":{"provider":"WPGlobus","version":"2.12.2","language":"es","enabled_languages":["es","en"],"languages":{"es":{"title":true,"content":true,"excerpt":false},"en":{"title":true,"content":true,"excerpt":false}}},"_links":{"self":[{"href":"https:\/\/camlibro.com.co\/reading_colombia\/wp-json\/wp\/v2\/pages\/7528"}],"collection":[{"href":"https:\/\/camlibro.com.co\/reading_colombia\/wp-json\/wp\/v2\/pages"}],"about":[{"href":"https:\/\/camlibro.com.co\/reading_colombia\/wp-json\/wp\/v2\/types\/page"}],"author":[{"embeddable":true,"href":"https:\/\/camlibro.com.co\/reading_colombia\/wp-json\/wp\/v2\/users\/2"}],"replies":[{"embeddable":true,"href":"https:\/\/camlibro.com.co\/reading_colombia\/wp-json\/wp\/v2\/comments?post=7528"}],"version-history":[{"count":19,"href":"https:\/\/camlibro.com.co\/reading_colombia\/wp-json\/wp\/v2\/pages\/7528\/revisions"}],"predecessor-version":[{"id":8315,"href":"https:\/\/camlibro.com.co\/reading_colombia\/wp-json\/wp\/v2\/pages\/7528\/revisions\/8315"}],"up":[{"embeddable":true,"href":"https:\/\/camlibro.com.co\/reading_colombia\/wp-json\/wp\/v2\/pages\/7489"}],"wp:attachment":[{"href":"https:\/\/camlibro.com.co\/reading_colombia\/wp-json\/wp\/v2\/media?parent=7528"}],"curies":[{"name":"wp","href":"https:\/\/api.w.org\/{rel}","templated":true}]}}

<p>[vc_row full_width=»stretch_row» css=».vc_custom_1568944382506{background-color: #ffffff !important;}»][vc_column]<div class="tlg-spacer " data-height="80" data-height-tablet="40" data-height-mobile="40" style="clear:both;display:block;height:80px;"></div>[vc_row_inner][vc_column_inner width=»1/5&#8243;][/vc_column_inner][vc_column_inner width=»1/5&#8243;][/vc_column_inner][vc_column_inner width=»1/5&#8243;][vc_single_image image=»7470&#8243; img_size=»full» alignment=»center» onclick=»custom_link» link=»https://camlibro.com.co/reading_colombia/editoriales-2022/editorial-monigote-2022/»][/vc_column_inner][vc_column_inner width=»1/5&#8243;][/vc_column_inner][vc_column_inner width=»1/5&#8243;][/vc_column_inner][/vc_row_inner][/vc_column][/vc_row][vc_row tlg_background_style=»bg-secondary» tlg_padding=»pb0&#8243; css=».vc_custom_1568948194274{background-color: #edeaed !important;}»][vc_column css_animation=»slideInUp»][vc_row_inner el_class=»fila_titulo02&#8243;][vc_column_inner width=»1/3&#8243;][vc_single_image image=»7514&#8243; img_size=»full» alignment=»center»][/vc_column_inner][vc_column_inner width=»2/3&#8243;]<div class="headings-title "><div class="mb0 mb16 mb-xs-40 text-left"><h5 style="color:#00405a!important;font-size:32px;line-height:42px;text-transform: none!important;" class="widgettitle mb10">Tengo los pies en la cabeza</h5><div style="color:#ba1039!important;font-size:20px;line-height:25px;text-transform: none!important;" class="widgetsubtitle">ESPERANZA AGUABLANCA (BERICHÁ)</div></div></div><div class="tlg-spacer " data-height="20" data-height-tablet="20" data-height-mobile="20" style="clear:both;display:block;height:20px;"></div>[vc_column_text]<strong class="rojo">Reseña</strong><br />
Según la tradición del pueblo u’wa, los niños que nacen con malformaciones deben morir. Berichá nació sin piernas, pero sus padres, decidieron criarla. En su libro, ella nos cuenta cómo fue su infancia entre curas y monjas y cómo luego regresó a la tierra de sus abuelos en la Sierra Nevada del Cocuy, donde retomó costumbres y saberes ancestrales. Así nos lleva a descubrir el universo u’wa: sus mitos; sus rituales; el papel de los ‘uejená’ como mediadores entre las personas y los espíritus de la Tierra; y un coherente sistema de pensamiento basado en una buena relación con la naturaleza.</p>
<p><strong class="rojo">Ficha técnica</strong><br />
Categoría: biografía y semblanza etonográfica del pueblo Uwa<br />
ISBN: 978-958-52751-7-1<br />
Fecha de publicación: 15/06/2022<br />
Número de páginas: 172<br />
Formato: 14.5 x 22 cm<br />
Idiomas libres de derechos: Todos[/vc_column_text][/vc_column_inner][/vc_row_inner][/vc_column][/vc_row][vc_row full_width=»stretch_row_content_no_spaces» tlg_large_container=»wide-container» tlg_background_style=»bg-secondary» tlg_padding=»pt64 pb64&#8243; css=».vc_custom_1568948249704{background-color: #edeaed !important;}»][vc_column css_animation=»slideInUp» width=»1/6&#8243;][vc_column_text]<a href="https://camlibro.com.co/reading_colombia/editoriales-2022/editorial-monigote-2022/">|« Volver a la editorial</a><em><br />
</em>[/vc_column_text][/vc_column][vc_column width=»1/6&#8243;][/vc_column][vc_column width=»1/6&#8243;][/vc_column][vc_column width=»1/6&#8243;][/vc_column][vc_column width=»1/6&#8243;][/vc_column][vc_column width=»1/6&#8243;][vc_column_text]<a href="https://camlibro.com.co/reading_colombia/editoriales-2022/editorial-vicens-vives-sas-2022/la-quitapenas-2022/">Siguiente libro »|</a><em><br />
</em>[/vc_column_text][/vc_column][/vc_row][vc_row el_class=»fila_autor»][vc_column css_animation=»slideInUp»][vc_row_inner el_class=»fila_titulo02&#8243;][vc_column_inner width=»1/4&#8243;][vc_single_image image=»7529&#8243; img_size=»full» alignment=»center»][/vc_column_inner][vc_column_inner width=»3/4&#8243;]<div class="headings-title "><div class="mb0 mb16 mb-xs-40 text-left"><h5 style="color:#00405a!important;font-size:25px;line-height:35px;text-transform: none!important;" class="widgettitle mb10">Biografía del autor</h5></div></div>[vc_column_text]<strong class="rojo2">Esperanza Aguablanca (Berichá).</strong> Los misioneros del internado católico donde pasó parte de su infancia y adolescencia le dieron el nombre Esperanza Aguablanca. Años más tarde se convirtió en maestra de escuela y, al rescatar la cultura y los territorios de los pueblos originarios, en una de las primeras lideresas indígenas de Colombia. Fue licenciada en Filología e Idiomas de la Universidad Libre de Cúcuta y magíster en Etnolingüística de Lenguas Aborígenes de la Universidad de los Andes. Recibió el Premio Cafam a la Mujer en 1993, y reconocimientos por parte de la Alcaldía de Bogotá y la Gobernación de Norte de Santander.[/vc_column_text][/vc_column_inner][/vc_row_inner]<div class=" vc_custom_1664834926771 ubtn-ctn-center "><a class="ubtn-link ult-adjust-bottom-margin ubtn-center ubtn-normal " href="https://camlibro.com.co/reading_colombia/editoriales-2022/" title="Editoriales 2022" ><button type="button" id="ubtn-5676"  class="ubtn ult-adjust-bottom-margin ult-responsive ubtn-normal ubtn-no-hover-bg  none  ubtn-center   tooltip-69f4d45475db5"  data-hover="#00455a" data-border-color="" data-bg="#00455a" data-hover-bg="#ffffff" data-border-hover="" data-shadow-hover="" data-shadow-click="none" data-shadow="" data-shd-shadow=""  data-ultimate-target='#ubtn-5676'  data-responsive-json-new='{"font-size":"desktop:15px;","line-height":"desktop:20px;"}'  style="font-weight:normal;border:none;background: #00455a;color: #e0e0e0;"><span class="ubtn-hover" style="background-color:#ffffff"></span><span class="ubtn-data ubtn-text " >Ir al listado de editoriales</span></button></a></div>[/vc_column][/vc_row][vc_row disable_element=»yes» tlg_padding=»pt0 pb0&#8243; css=».vc_custom_1664467721384{padding-top: 20px !important;padding-bottom: 20px !important;background-color: #edeaed !important;}»][vc_column][vc_row_inner][vc_column_inner width=»1/6&#8243;][/vc_column_inner][vc_column_inner width=»1/6&#8243;][vc_single_image image=»5850&#8243; img_size=»full» alignment=»center»][/vc_column_inner][vc_column_inner width=»1/6&#8243;][vc_single_image image=»5849&#8243; img_size=»full» alignment=»center» onclick=»custom_link» img_link_target=»_blank» link=»http://www.mincultura.gov.co/Paginas/default.aspx»][/vc_column_inner][vc_column_inner width=»1/6&#8243;][vc_single_image image=»5848&#8243; img_size=»full» alignment=»center» onclick=»custom_link» img_link_target=»_blank» link=»https://bibliotecanacional.gov.co/es-co»][/vc_column_inner][vc_column_inner width=»1/6&#8243;][vc_single_image image=»5847&#8243; img_size=»full» alignment=»center» onclick=»custom_link» img_link_target=»_blank» link=»https://camlibro.com.co/»][/vc_column_inner][vc_column_inner width=»1/6&#8243;][/vc_column_inner][/vc_row_inner][/vc_column][/vc_row]</p>
